 = 119 - 175. Suppose c*m - 10 - 54 = 0. Calculate the remainder when 79 is divided by m.
7
Let o = 2750 + -2727. What is the remainder when 252 is divided by o?
22
Suppose -s = 5*m - 971, 3*m = 3*s + 745 - 184. Calculate the remainder when 379 is divided by m.
186
Suppose -f + 9 + 3 = 4*g, -f = -5*g - 12. Let c(x) = 30*x + 98. Calculate the remainder when c(f) is divided by 51.
50
Let i = 12951 - 12928. Let b = -477 - -887. What is the remainder when b is divided by i?
19
Let r(k) = -3*k**2 + 6*k**2 - 2*k**2 - 4*k. What is the remainder when (-11)/((-275)/(-260))*5/(-4) is divided by r(5)?
3
Suppose -l - 2*c = -38, -3*l + 162 = -3*c + 30. Let n = 237 + -113. What is the remainder when n is divided by l?
40
Suppose -4*x + 630 = 5*x. Suppose x = 6*f - f. What is the remainder when (-2)/(-16) + (765/24 - -4) is divided by f?
8
Suppose -12*f + 1515 = -165. Suppose 0*t + 2*t = -5*m + 40, 0 = -3*t - m + 86. What is the remainder when f is divided by t?
20
Suppose -7 = -c + 7. Let t = 20 - 29. Let v = t + 17. Calculate the remainder when c is divided by v.
6
Suppose -9*o + 298 = -8*o. Let s = o - 279. Suppose 0*z - 186 = -2*z. What is the remainder when z is divided by s?
17
Let l = 520 - 509. Calculate the remainder when 84 is divided by 1 + -2 + (-66)/l + 27.
4
Calculate the remainder when (-1855)/5*(0 + (1 - 2)) is divided by 99.
74
Let q(r) = 42*r + 941. Let f be q(-23). Let c = 83 - 126. Let h = f - c. Calculate the remainder when 89 is divided by h.
17
Suppose 0 = -5*o + 5*c + 715, -6*o - 2*c + 580 = -222. What is the remainder when 1316 is divided by o?
92
Let r(l) = 18*l + 231. Suppose 9*z - 6*z = 5*m + 41, 0 = 4*m - z + 37. What is the remainder when 352 is divided by r(m)?
46
Suppose -169*t + 3*g + 906 = -167*t, 2286 = 5*t + 3*g. What is the remainder when t is divided by 52?
40
Let m(k) = 5*k**3 + 317*k**2 + 121*k - 74. What is the remainder when 876 is divided by m(-63)?
153
Let v(q) = 3*q**3 + 82*q**2 - 58*q - 19. Calculate the remainder when 37294 is divided by v(-28).
35
Let o(a) = a**3 + 10*a**2 + 12. Let r(d) be the first derivative of -13*d**2 - 2*d + 2. Calculate the remainder when o(-9) is divided by r(-1).
21
Let q = 23 - 4. Let w(r) = 4*r**2 - 12*r - 5. Let m be w(8). Suppose -6*i = -i - 4*g - m, -30 = -i + g. What is the remainder when i is divided by q?
16
Suppose 2*p - 11*a = -18*a + 913, -5*p = 3*a - 2355. Calculate the remainder when p is divided by 64.
26
Let n(a) = 20*a - 1. Let p(c) = c**2 + 3*c - 723. Let j be p(0). Let l = 777 + j. Calculate the remainder when l is divided by n(1).
16
Let l = -5485 - -10313. Calculate the remainder when l is divided by 15.
13
Let s be 15*(-5 + 35/15 - -2). Let y(b) = -b**3 - 13*b**2 - 34*b - 10. What is the remainder when 89 is divided by y(s)?
29
Let j = 374 - 253. Suppose -2*b - j = 163. What is the remainder when 2/((-3)/(b - -1)) is divided by 24?
22
Let k(f) = -5*f**2 + 1. Let n be k(-1). Let r be (32/(-2))/n*1. Suppose -r*c = -7 - 45. What is the remainder when 29 is divided by c?
3
Suppose -1186*s + 1181*s + 34 = -351. Suppose 3*w - 8 = 2*w. Calculate the remainder when s is divided by w.
5
Let k = -779 - -877. Let f = -54 + k. Calculate the remainder when 80 is divided by f.
36
Suppose 0 = 24*j - 97*j - 10804. Let f(c) = -14*c - 1. Let g be f(7). Let s = g - j. Calculate the remainder when s is divided by 18.
13
Suppose 6*z = 5*z - 19. Let y(x) = x + 49. What is the remainder when y(z) is divided by 14?
2
Suppose -3*t + 240 = -0*t. Suppose 5*a = -t - 0. Let z = a - -36. Calculate the remainder when 57 is divided by z.
17
Calculate the remainder when 123/369*(1315 + 2) is divided by 26.
23
Let h(x) = -x + 5. Let i be h(-7). Let u = -7 + i. Let m = 103 - 86. Calculate the remainder when m is divided by u.
2
Suppose 4*y + 152 = 4*h, 3*y - 98 = -2*h + 3. Suppose l - 16 = -2. Calculate the remainder when h is divided by l.
1
Let h = 462 + -461. Calculate the remainder when 26 is divided by (280/80)/((h/2)/1).
5
Suppose -4*c + 6*p = -74, 57*c + 59 = 60*c - 5*p. Calculate the remainder when -2 - -117 - 2*-1 is divided by c.
5
Suppose 0 = -2*y, 2*u + 4*y = -57 + 137. Suppose -p = -5*h + 28 + 16, u = 4*h + 4*p. Suppose 7*q = h*q - 72. What is the remainder when 105 is divided by q?
33
Suppose 42*v = 40*v + 70. Suppose 5*p - v - 35 = 0. Calculate the remainder when (-1016)/(-20) - (-2)/10 is divided by p.
9
Calculate the remainder when 4184 is divided by (22/(-8)*-19 + 32/(-128))/2.
24
Let r(g) = -3*g**2 + 14*g + 0*g**2 + 28*g**2 + 3. Let o(q) = 8*q**2 + 5*q + 1. Let p(f) = -11*o(f) + 4*r(f). Calculate the remainder when p(2) is divided by 13.
12
Suppose d + 5*t = 3*d + 171, -4*d = 2*t + 354. Let n = d - -83. What is the remainder when 104 is divided by (2 - -36 - (n + 6))/1?
30
Let u(f) = -25*f + 12. Let j = -432 - -575. Calculate the remainder when j is divided by u(0).
11
Let b = -28 - -22. Suppose 0 = -11*i + 128 + 59. What is the remainder when ((-3)/b - 0)*58 is divided by i?
12
Suppose 36*a = 527 + 85. Let k(c) = -c**2 - 15*c - 19. Let u = -30 + 17. What is the remainder when a is divided by k(u)?
3
Suppose 5*x + j - 584 = 0, -84*j = -3*x - 81*j + 354. Let u(k) = 5*k**3 - k**2 + k - 2. What is the remainder when (9 - x/12)*-140 is divided by u(2)?
33
Let k be (-197)/7 + (-6)/(-42). What is the remainder when 606 is divided by 302/4 + (-14)/k?
74
Suppose -830 - 444 = -26*p. Calculate the remainder when 8908 is divided by p.
39
Suppose -408*m + 36512 = -352*m. Calculate the remainder when m is divided by 648.
4
Let g be 7/((-35)/6)*(-380)/57. What is the remainder when 100 is divided by g/20 + 581/35?
15
Let x be 8/6*(-135)/(-36). Suppose 3*p = -4*w - 515, 3*p + x*w + 362 = -155. Let f = -114 - p. What is the remainder when f is divided by 15?
10
Let g(f) = 14*f - 84. Let i be g(6). Calculate the remainder when (272 - i) + 42/7 is divided by 56.
54
Let s = 12197 + -12158. Let b(g) = 14*g**2 - g + 1. What is the remainder when s is divided by b(1)?
11
Let o(i) = 2*i**2 + i - 10. Let m be o(-3). Let y be 6/m*(-40)/6*-3. Calculate the remainder when 18/y*7*(1 - -3) is divided by 7.
0
Suppose 0*p + 72 = 3*p. Suppose 58468*s = 58596*s - 10240. What is the remainder when s is divided by p?
8
What is the remainder when 196/(-56)*(-2 + 0) is divided by ((-18)/(-10))/((-57)/(-190))?
1
Let v(t) = -t**3 - 6*t**2 - t - 7. Let i be v(-6). Suppose 0 = 101*z - 117*z - 160. What is the remainder when ((z/(-15))/2)/(i/(-114)) is divided by 15?
8
Let r = -482 + 261. Let a = r - -233. What is the remainder when 69 is divided by a?
9
Let r(i) = 3 + 18*i - 10*i - 15*i. Suppose 2*p - p + 4 = 0. What is the remainder when r(p) is divided by 8?
7
Let u be (-1)/4 + -5 + (-165)/(-20). Let c be (2177/42*-4)/((-1)/u). What is the remainder when 87 is divided by c/14 - (-28)/49?
42
Suppose 0 = 75*i - 220 - 312 - 143. Let h be (-88)/14 - 4/(-14). What is the remainder when 106 is divided by ((-440)/12 - h/i)/(-1)?
34
Suppose -3*a - 186 = -5*a. Let s = -10759 + 10778. Calculate the remainder when a is divided by s.
17
Let o = 34 + 12. Let g(m) = -m**3 - 10*m**2 - 10*m - 14. Let d be g(-7). Let i = -1 - d. Calculate the remainder when i is divided by o.
44
Suppose 60 = i - 4*p, 0*i + 216 = 5*i + p. Suppose 6*n - 79 - 79 = 4*x, 4*x = n - 13. Calculate the remainder when i is divided by n.
15
Let t = 444 + -569. Let b = 131 + t. Calculate the remainder when 161 is divided by b.
5
Let j be (7/(-2))/(2/72). Let l = -1960 + 1884. Let p = l - j. Calculate the remainder when p is divided by 18.
14
Let t be (2 + (-11)/3)*(4 + -10). Suppose -n + 5*n + t = -3*v, 3*n + 20 = 4*v. What is the remainder when 57 is divided by v/((-2 - 3)/(-25))?
7
Let j = 78 - 78. Suppose 58 = 3*n + a, j*a = 5*n + 4*a - 85. Calculate the remainder when n is divided by 9.
3
Let y(k) = -2*k + 10*k**2 - 18 - 20*k - 2*k**2 + k**3. Calculate the remainder when y(-9) is divided by 27.
18
Suppose -3 = 3*o, l = 5*o - 7*o + 944. What is the remainder when l is divided by 168?
106
Suppose 345*h = 349*h - 36. Calculate the remainder when 1732 is divided by h.
4
Suppose -2*q - 17 = m - 35, q = 3*m + 9. Calculate the remainder when 555 is divided by q.
6
Let f be (89/2 - 7)*12/10. Suppose -f*y + 180 = -39*y. What is the remainder when y is divided by 9